{"id":2139,"date":"2023-02-17T16:29:04","date_gmt":"2023-02-17T16:29:04","guid":{"rendered":"https:\/\/gsmhn.com\/?post_type=product&#038;p=2139"},"modified":"2024-11-30T16:06:31","modified_gmt":"2024-11-30T16:06:31","slug":"carg6-bluetooth-car-charger","status":"publish","type":"product","link":"https:\/\/gsmhn.com\/?product=carg6-bluetooth-car-charger","title":{"rendered":"Carg6 bluetooth car charger"},"content":{"rendered":"<h1>Carg6 bluetooth car charger<\/h1>\n<p>&nbsp;<\/p>\n<ul>\n<li>Multifunci\u00f3n: el transmisor FM Bluetooth le permite hacer llamadas manos libres, escuchar m\u00fasica, reproducir canciones directamente desde su tarjeta de memoria y puede admitir una unidad USB y entrada auxiliar, cargar su dispositivo y controlar el voltaje de la bater\u00eda del autom\u00f3vil<\/li>\n<li>Este producto es un reproductor de mp3 con cargador de coche Bluetooth especial junto con un m\u00f3dulo Bluetooth profesional de alto rendimiento. Chip decodificador de mp3\/wma incorporado que puede transmitir archivos de m\u00fasica dentro del disco USB al est\u00e9reo del autom\u00f3vil a trav\u00e9s de la conexi\u00f3n inal\u00e1mbrica<\/li>\n<li>Rango efectivo del micr\u00f3fono Bluetooth: 0.5-2M Frecuencia de transmisi\u00f3n FM: 87.5-108Mhz<br \/>\nCancelaci\u00f3n de ruido, funci\u00f3n de aceptaci\u00f3n y desconexi\u00f3n de llamadas y chip inteligente para control de voltaje Compatible con Xiaomi Mi, Apple iPhone y iPad, Samsung, Sony, Lenovo, Oppo, Vivo y todos los tel\u00e9fonos inteligentes<\/li>\n<li>Puede cambiar una llamada entrante al estado de manos libres siempre que su tel\u00e9fono m\u00f3vil tenga la funci\u00f3n Bluetooth. Cuando finalice la llamada, se volver\u00e1 a cambiar a la m\u00fasica y se reproducir\u00e1 autom\u00e1ticamente&#8230;<\/li>\n<\/ul>\n","protected":false},"excerpt":{"rendered":"<p><span style=\"color: #008080;\">Carg6 bluetooth car charger<\/span><\/p>\n","protected":false},"featured_media":2140,"comment_status":"open","ping_status":"closed","template":"","meta":[],"product_brand":[],"product_cat":[87],"product_tag":[],"class_list":{"0":"post-2139","1":"product","2":"type-product","3":"status-publish","4":"has-post-thumbnail","6":"product_cat-cargadores","8":"first","9":"outofstock","10":"sale","11":"shipping-taxable","12":"purchasable","13":"product-type-simple"},"_links":{"self":[{"href":"https:\/\/gsmhn.com\/index.php?rest_route=\/wp\/v2\/product\/2139","targetHints":{"allow":["GET"]}}],"collection":[{"href":"https:\/\/gsmhn.com\/index.php?rest_route=\/wp\/v2\/product"}],"about":[{"href":"https:\/\/gsmhn.com\/index.php?rest_route=\/wp\/v2\/types\/product"}],"replies":[{"embeddable":true,"href":"https:\/\/gsmhn.com\/index.php?rest_route=%2Fwp%2Fv2%2Fcomments&post=2139"}],"wp:featuredmedia":[{"embeddable":true,"href":"https:\/\/gsmhn.com\/index.php?rest_route=\/wp\/v2\/media\/2140"}],"wp:attachment":[{"href":"https:\/\/gsmhn.com\/index.php?rest_route=%2Fwp%2Fv2%2Fmedia&parent=2139"}],"wp:term":[{"taxonomy":"product_brand","embeddable":true,"href":"https:\/\/gsmhn.com\/index.php?rest_route=%2Fwp%2Fv2%2Fproduct_brand&post=2139"},{"taxonomy":"product_cat","embeddable":true,"href":"https:\/\/gsmhn.com\/index.php?rest_route=%2Fwp%2Fv2%2Fproduct_cat&post=2139"},{"taxonomy":"product_tag","embeddable":true,"href":"https:\/\/gsmhn.com\/index.php?rest_route=%2Fwp%2Fv2%2Fproduct_tag&post=2139"}],"curies":[{"name":"wp","href":"https:\/\/api.w.org\/{rel}","templated":true}]}}